-25) is divided by 14?
11
Let s(p) = 6*p**2 - 17*p + 19. Let h(j) = -7*j**2 + 17*j - 20. Let k(n) = -5*h(n) - 6*s(n). What is the remainder when 46 is divided by k(15)?
14
Let t(l) = l - 3. Let f(b) = b - 2. Let n(p) = -6*f(p) + 7*t(p). Suppose -2*h = 2*y - 24, -y + 5*h = -2 - 16. Calculate the remainder when n(y) is divided by 2.
0
Let r(o) = -o**2 - 19*o - 15. Let p be r(-13). Suppose -g + p = 6*g. Calculate the remainder when 35 is divided by g.
8
Let y = -13 - -16. Suppose -5*m = -t - 0*m + 20, 3*m - 78 = -y*t. Calculate the remainder when t is divided by 14.
11
Let q = 47 + -33. Let b be 8/q - 62/(-14). Suppose -2*c - b*p = -3*p - 12, -5*p = 4*c - 23. Calculate the remainder when 26 is divided by c.
5
Let h(d) be the first derivative of -4*d**2 + 3*d + 5. Calculate the remainder when h(-5) is divided by 11.
10
Suppose x - 3 = 0, -12*x = -3*l - 13*x + 30. What is the remainder when 13 is divided by l?
4
Suppose 3*g - 263 = c, 5*g - 2*c = 315 + 124. Calculate the remainder when g is divided by 44.
43
Suppose 0 = -0*t - 3*t + 51. Suppose 0 = 331*x - 369*x + 1900. What is the remainder when x is divided by t?
16
Suppose -2*n + 318 = 5*a, 4*n + 404 - 110 = 5*a. Suppose -4*c + t + 18 = -a, -68 = -4*c - 2*t. What is the remainder when 34 is divided by c?
15
Suppose -14*k + 35 = -77. Calculate the remainder when 15 is divided by k.
7
Suppose 4*z + 4*z - 40 = 0. Suppose 0 = -z*d + 89 + 56. What is the remainder when 56 is divided by d?
27
Suppose i + m + 301 = 0, 2*i - 7*i - 3*m = 1495. What is the remainder when i/(-6) - 8/24 is divided by 10?
9
Suppose 0*x + 4*x = 8. Suppose -n = x*n - 45. Suppose h = -w + n, 0 = -5*h + 2*w + w + 91. Calculate the remainder when 31 is divided by h.
14
What is the remainder when -2*((-2)/10 - 2128/160) is divided by 14?
13
What is the remainder when 49 is divided by (-4 + 1)*-92*(-9)/(-54)?
3
Let f = 18 - 17. Suppose -144 = 4*z - 152. What is the remainder when z is divided by f?
0
Suppose 0*d = -4*d. Let c(h) = 3*h**2 - 2*h - 3. Let m be c(3). Let s = d + m. What is the remainder when 34 is divided by s?
16
Let p(q) = 2*q - 5*q**3 + 4*q**3 + 2 + 0 + 8*q**2 + 2*q**3. Calculate the remainder when p(-5) is divided by 17.
16
Suppose -68 = -2*d - w, 62 = 4*d + w - 70. Let i(a) = a**2 - 6*a - 2. Let x be i(6). Calculate the remainder when d is divided by ((-11)/(-2))/(x/(-4)).
10
Suppose 407 = -48*l + 59*l. What is the remainder when l is divided by 19?
18
Let p(u) = 33*u - 168. Suppose -r + 2*r = 11. Calculate the remainder when p(6) is divided by r.
8
Suppose 0 = -2*n + 144 - 52. Calculate the remainder when 223 is divided by n.
39
Suppose -5*o - 21 = -2*w, -2*w = -w + 5*o - 33. Let k = -494 - -501. Calculate the remainder when w is divided by k.
4
Suppose 0 = -k - 42*j + 47*j + 7, 0 = -5*k - 3*j + 119. Let x = -15 - -27. Calculate the remainder when k is divided by x.
10
Let n = -158 - -173. Calculate the remainder when 371 is divided by n.
11
Suppose 5*r = 25, 303 = -2*c + 4*c + 5*r. Calculate the remainder when c is divided by 11.
7
Suppose 4369 = 14*v + 4257. Suppose -a - 5*i + 3 + 27 = 0, 3*a = 2*i + 5. Calculate the remainder when v is divided by a.
3
Suppose -5*w - 4 = 4*s - w, 0 = 5*w - 15. Calculate the remainder when ((-1)/s)/(-2 + (-3798)/(-1896)) is divided by 27.
25
Suppose o + 15*o = 3520. Calculate the remainder when o is divided by 14.
10
Suppose -4*r = -d + 7 + 12, 0 = 3*d + 2*r - 85. Let g(i) = -9*i + 4. Let m be g(1). Calculate the remainder when (-1)/m + 2758/35 is divided by d.
25
Let b(m) = 4*m**2 - m + 2. Suppose -2*k = 2*k + 5*w - 3, -4*k = 3*w - 5. What is the remainder when 42 is divided by b(k)?
10
Let c be 48 - 2 - 1/(-1). Let v = 66 - c. Let f = -1167 - -1204. What is the remainder when f is divided by v?
18
Let z(n) = 7*n**2 - 2*n - 5. Suppose 5*v + 3*r = 55, v - 8 = -5*r + 3. Calculate the remainder when z(2) is divided by v.
8
Let h(b) = b**2 - 4*b + 3. Let m be h(6). Let f = m - -13. Calculate the remainder when 108 is divided by f.
24
What is the remainder when (-92)/(-6)*(-3)/(-1) is divided by (-152)/57*(85/(-10) - -4)?
10
What is the remainder when 115 is divided by ((-26)/3)/(3 + (-188)/60)?
50
Let r(n) be the second derivative of 7*n + 1/20*n**5 + 0 + 1/3*n**3 + 7/12*n**4 + 3*n**2. What is the remainder when r(-6) is divided by 11?
8
Let q = 78 + -28. Let t = -37 + q. What is the remainder when 76 is divided by t?
11
Let s be (-4 + (0 - -1))/((-12)/(-16)). Suppose 0 = 3*x + 2*x - 180. What is the remainder when x is divided by (2 - -10)/s - -16?
10
Let d(y) = 6*y**3 - 2*y**2 + 3*y. Let s(u) = 3*u + 26. Let f be s(-8). Suppose f*o = -3 + 27. What is the remainder when d(2) is divided by o?
10
Suppose -w - u = -0*u - 11, -4*w = -2*u - 32. Let p(a) = -3*a**3 - 6*a**2 + 3*a + 24. Calculate the remainder when p(-3) is divided by w.
6
Let i(k) = 17*k**2 - k - 1. Let c(p) = -2*p**2 + 9*p - 7. Let q be c(3). What is the remainder when i(q) is divided by 34?
31
Let y(o) = o**3 + 7*o**2 - 3*o - 9. Suppose -3*g - 28 = -76. Let k = g + -11. Calculate the remainder when y(-7) is divided by k.
2
Let x = 145 - 13. Calculate the remainder when x is divided by 15.
12
Suppose 3*l = 5*l - 4. Suppose -d + 14 = 4*o - l, 4*o = 3*d. Suppose -o*n = -2*n - 9. Calculate the remainder when 16 is divided by n.
7
Suppose 4*l - 120 = 14*m - 10*m, 5*l + 5*m = 190. Calculate the remainder when 54 is divided by l.
20
Let d be (8/6)/(2/(-12)). Let n = d + -2. Let h = n - -34. What is the remainder when h is divided by 9?
6
Suppose -7 + 67 = -5*n. Let l = n + 17. Suppose 9*x - 64 = l*x. What is the remainder when 46 is divided by x?
14
Let g be (-6)/8 - (-125)/(-20). Let r = -5 - g. What is the remainder when 62 is divided by 1 + 15 - (r + -2)?
14
Suppose -2*u - t + 39 = 0, 5*u + 46 = t + 126. Let h = 12 - 5. Calculate the remainder when 460/7 + 2/h is divided by u.
15
Suppose 243 - 186 = u. What is the remainder when 339 is divided by u?
54
Let g be -2 + -1 + 4 - -20. Suppose -4*j + 190 = j. Suppose 5*c = 4*o + g + 19, 4*c - 2*o = j. Calculate the remainder when 21 is divided by c.
9
Let j(i) = -i**3 - 4*i**2 + 2*i - 1. Let n be (1 - 16)*(-10)/(-30). Let p be j(n). Suppose -5*z = -7*z + p. Calculate the remainder when 26 is divided by z.
5
Let k(i) = 2*i**2 + 21*i - 18. Suppose -5*j = -15, -5*m - 50 = -0*m + 5*j. Calculate the remainder when k(m) is divided by 12.
11
Suppose -171*l = -168*l - 48. What is the remainder when l is divided by 8?
0
Let n be ((-4002)/30 - (-2)/5)/(-1). Suppose 5*h = -c + 342 - n, 2*h = 2*c + 74. Calculate the remainder when h is divided by 21.
20
What is the remainder when 8/(-6)*(-729 + 15 + -3) is divided by 32?
28
Let f = -265 - -289. What is the remainder when 214 is divided by f?
22
Suppose -c - 1 = -0*c - 5*j, j - 38 = 2*c. Suppose 2*n - 48 = -2*k - 0*n, -76 = -3*k - 4*n. What is the remainder when 24/(-9)*c + 1 is divided by k?
17
Let b(z) be the third derivative of z**5/30 + z**4/12 + 6*z**2. Calculate the remainder when 34 is divided by b(2).
10
Let b(o) = -o**3 - 6*o**2 + 6. Let p(m) = -7*m**2 + 36*m - 2. Calculate the remainder when b(-6) is divided by p(5).
0
Let m(b) = 4*b + 9*b + 0*b + 5 - b**2 - 3*b. Let g be m(10). Suppose j = g*o - j - 56, -2 = -j. Calculate the remainder when 23 is divided by o.
11
Suppose -9*l + 874 + 269 = 0. Suppose -p + 9 = -l. What is the remainder when p is divided by 28?
24
Suppose 5*l - b + 0*b - 112 = 0, -2*l + 31 = -5*b. Calculate the remainder when 2/(-7) - (-2358)/21 is divided by l.
20
Let j = -11 + 11. Suppose 0 = -3*x - 4*w - j*w + 79, -w = -5*x + 101. Calculate the remainder when x is divided by 5 + (0 - 2) - -3.
3
Let z = 498 - 354. Calculate the remainder when z is divided by 112.
32
Suppose -42*h - h + 8127 = 0. Calculate the remainder when h is divided by 18.
9
Let g = -15 + 18. Suppose z = -3*z + 3*u - 5, -2*u + 3 = -g*z. Suppose 0 = v + 3*v - 8. Calculate the remainder when v is divided by z.
0
Let z(n) = -29*n + 22. Let j(a) = -144*a + 110. Let l(w) = 2*j(w) - 11*z(w). Calculate the remainder when l(4) is divided by 21.
18
Suppose -2*z = 6, -3*b + z + 49 = -80. What is the remainder when 166 is divided by b?
40
Let l(n) = -14*n + 130. What is the remainder when l(7) is divided by 7?
4
Calculate the remainder when 284 is d